 What are the prime factors of c?
3, 79
Let s(o) = -66*o**3 - o**2 - 104*o - 651. What are the prime factors of s(-6)?
3, 19, 83
Suppose 0 = 4*j - 11*j - 24503 + 80125. List the prime factors of j.
2, 29, 137
Let x(w) = 3*w**3 + 18*w**2 + 3*w + 9. Let p be x(-6). Let m be (-363)/p - 2/6. Let a = m - 13. What are the prime factors of a?
3
List the prime factors of (6/5)/(14/(-735)*-7) - -1.
2, 5
Let x(a) = a**3 + a - 1. Let r(l) = -4*l**3 - 10*l**2 + 9*l + 6. Let q(m) = r(m) + 3*x(m). Let i = -191 - -179. What are the prime factors of q(i)?
3, 7
Let l = -39988 + 67843. List the prime factors of l.
3, 5, 619
Let k(c) = 186*c**3 - 3*c**2 + 10*c - 18. What are the prime factors of k(4)?
2, 5939
Suppose -4*w = w - 2*f - 2764, 3*f - 2225 = -4*w. Suppose 5*g - a - 869 = 533, w = 2*g + 3*a. What are the prime factors of g?
2, 5, 7
Let t(d) = 5*d + 3. Let m be t(-1). Let h(k) be the first derivative of -91*k**2/2 - 14*k + 4. What are the prime factors of h(m)?
2, 3, 7
Suppose -4*i - 7542 = 5*s, -26*s + 31*s - 1873 = i. Let l = -1087 - i. What are the prime factors of l?
2, 199
Let d(z) = 535*z**2 + 126*z + 23. List the prime factors of d(-6).
97, 191
Suppose 75*u - 71*u - 59508 = 0. Suppose -24*h = 3*h - u. What are the prime factors of h?
19, 29
Let k = 2020 + -1428. Suppose 13*p + k = 21*p. What are the prime factors of p?
2, 37
Let b = -29 + 255. What are the prime factors of -17*((-5)/(-2) - 3)*b?
17, 113
List the prime factors of (-190)/(-285)*(-690)/(-4).
5, 23
Suppose n + 4*n - 5 = -4*d, 5 = 5*n - 3*d. List the prime factors of -601*(-5*(n - 0) - -4).
601
Let d(r) = -580*r - 2356. What are the prime factors of d(-20)?
2, 2311
Suppose -940 = 3*z + 4*v, -4*z + 3*z + 4*v - 292 = 0. Let s be (z/(-70))/(1/50). Suppose 4*o - s = -2*i, 5*o - 2 = 8. List the prime factors of i.
2, 53
Let p be (47 - 46) + -1*7. What are the prime factors of 4 - ((-19782)/(-7))/p?
5, 19
Let f = -49 + 54. Suppose -3*g = -2 + f. List the prime factors of 92/(-32)*-4*(-2)/g.
23
Let o be -1 + (-6)/4*(-130)/39. Suppose 1429 - 487 = -4*b - 2*i, -2*b + o*i - 466 = 0. Let a = b + 365. What are the prime factors of a?
2, 5, 13
Let t = -264 + 340. Let o = 3 + -3. Suppose o = 5*g + 11 - t. What are the prime factors of g?
13
Let p = -290 + 296. Suppose -3*z + 471 = -4*m, 2*z + p*m - 310 = 10*m. List the prime factors of z.
7, 23
Suppose 5*h = -4*d + 92372, 4*d = h + 111801 - 19453. List the prime factors of d.
2, 3, 13, 37
Let w be 1/(-2)*5/(35/(-42)). Let c(r) = -39 + 10 - 183*r + 177*r + w*r**2 - 2*r**2. What are the prime factors of c(-4)?
11
Suppose 381 = -r + f, 25 = -7*f + 2*f. Let j = 873 + r. What are the prime factors of j?
487
Let p(y) = -y**2 + y + 39. Let x be p(-5). Suppose -x*c = -7*c - 204. List the prime factors of c.
2, 3, 17
Let s = -15985 - -22486. Suppose 4*k - s = 22*t - 25*t, -2*t - 3254 = -2*k. List the prime factors of k.
2, 3, 271
What are the prime factors of -8 - -38*((-68590)/20)/(-19)?
13, 17, 31
Suppose -2*t - 3 - 1 = 0, -5*p - 23 = -t. Let i(w) = -104*w - 90. What are the prime factors of i(p)?
2, 5, 43
Let l = -51 - -97. Let p be (391/l)/(0 + (-2)/(-4)). Let u = p - -100. What are the prime factors of u?
3, 13
Let i = -489 + 264. Let a = i + 320. List the prime factors of a.
5, 19
Let z = 196590 - 123315. What are the prime factors of z?
3, 5, 977
Let l(t) = -34*t - 72. Let g(y) = 2*y + 3. Let b(i) = -6*g(i) + 3*l(i). List the prime factors of b(-11).
2, 3, 5, 17
Suppose y - 41952 = -3*d, -5*d - 3*y + 45935 = -23981. What are the prime factors of d?
5, 2797
Suppose 29*o = -91*o + 719280. What are the prime factors of o?
2, 3, 37
Let p(l) = -7*l - 11. Let h(z) = 12 - z + 4*z + 6*z - 3*z. Let u(c) = -5*h(c) - 6*p(c). What are the prime factors of u(9)?
2, 3, 19
Suppose 4*t - 25297 = 7*g, 4*t + g - 10350 = 14955. List the prime factors of t.
2, 3163
Let z(c) = -3335*c - 406. What are the prime factors of z(-5)?
3, 11, 17, 29
Let i be (-7 + (56 - -1))*5. Suppose i = 3*u + 91. What are the prime factors of u?
53
Let n(z) = z**3 - 13*z**2 - 13*z - 7. Let y be n(14). Let m(s) = -y - 9 - 1 - 16 + 3*s. What are the prime factors of m(24)?
3, 13
Suppose 0 = n + 2*r - 6506, -2*n + 4*r + 13866 = 822. List the prime factors of n.
2, 3257
Let v(s) be the second derivative of -s**3/6 + 25*s**2/2 - 3*s. Let a(f) = f + 7. Let u be a(0). List the prime factors of v(u).
2, 3
Let v(y) = 734*y**2 + 1. Let z be v(1). Suppose 4*b - 597 = 2*c + 3*c, -5*b - 5*c = -z. Let a = -80 + b. What are the prime factors of a?
2, 17
Let d be 20/30 - 40/(-12). Suppose d*q = 8, 11*t + 1255 = 14*t + 2*q. List the prime factors of t.
3, 139
Suppose 32*a = -246 - 42. List the prime factors of a/((-90)/52)*35.
2, 7, 13
Let r = 77 - 61. Let x(t) = 15*t + 17. Let a be x(r). Let p = a - 166. What are the prime factors of p?
7, 13
Let g(q) be the third derivative of q**5/15 - q**3 + 9*q**2. Let p be g(-6). Let i = -37 + p. What are the prime factors of i?
101
Let p = -8666 + 33803. What are the prime factors of p?
3, 7, 19
Suppose 0 = -22*z + 30*z - 32. List the prime factors of (z - 4 - -2 - -2099) + -5.
2, 131
What are the prime factors of 13*(-1852)/(-2)*(-36)/(-72)?
13, 463
Let b(d) = -d**3 - 33*d**2 + 26*d + 54. Let u be b(-34). Let a = -260 + u. List the prime factors of a.
2, 3, 11
Let s = -464 - -7051. What are the prime factors of s?
7, 941
Suppose 5872319 + 5353906 = 295*v. What are the prime factors of v?
3, 5, 43, 59
Suppose -5*w = -2*m - 166, 3*m - 61 = -2*w + 2*m. Suppose -w*q - 3 = -33*q. Suppose 0 = -q*v + 28 + 2. List the prime factors of v.
2, 5
Let j = -133 - -107. Let d(o) = -o**3 - 27*o**2 - 33*o - 42. What are the prime factors of d(j)?
2, 5, 7
Let h(g) = -25*g - 178. Let t be h(-14). Suppose 175*j = t*j + 84. List the prime factors of j.
2, 7
Suppose 53*o - 169716 - 224009 = -21506. List the prime factors of o.
3, 2341
Let t(p) = 40*p**2 + 6*p**2 - 13 - 4*p**2 - 34. What are the prime factors of t(6)?
5, 293
Let z = -14318 - -24655. What are the prime factors of z?
10337
Suppose -131*u + 464894 = -173338. What are the prime factors of u?
2, 3, 7, 29
Let w(u) = u**2 - 11*u - 12. Suppose -2*c + 5 = -5, 2*h + 3*c = 39. Let x be w(h). Suppose -7*l + 0*l + 315 = x. What are the prime factors of l?
3, 5
Let d be -3*(-1)/5 - (-321)/15. Suppose 5*w - 978 = i + d, 4*w - 814 = -2*i. Suppose -3*q + w = 3*b, -5*q - 3*b = b - 331. List the prime factors of q.
3, 7
What are the prime factors of 1/1 + 152*255/5?
7753
Let f(c) = -9*c - 30. Let s be f(7). Let v = 181 + s. What are the prime factors of v?
2, 11
Let u(q) = 15*q**2 - 103*q - 508. What are the prime factors of u(-52)?
2, 3, 11, 43
Suppose 35*i - 225503 = -46623 + 175915. List the prime factors of i.
3, 31, 109
Let r(f) = 15655*f - 1698. What are the prime factors of r(2)?
2, 11, 673
What are the prime factors of 517/66*(-5 + 3 + -7)*-310?
3, 5, 31, 47
Let m be (-1778)/(-6) + 2/(-6). Suppose 10 = -64*f + 69*f. What are the prime factors of (-3 + f/2)*m/(-4)?
2, 37
Suppose 19*s + 114149 - 440968 - 409450 = 0. List the prime factors of s.
3, 12917
Let y = 14085 - -14099. What are the prime factors of y?
2, 13, 271
Suppose -2*f = 4*o - 1973 - 835, 3*f - 6 = 0. Let l = -339 + o. List the prime factors of l.
2, 181
Let i(p) = p**2 + 13*p + 12. Let j be i(-12). Suppose j = k - 3*b + 12, 3*k - 3*b + 18 = -0*b. What are the prime factors of (-44)/(-16)*(-108)/k?
3, 11
Let a(d) = d**3 + 6*d**2 - 7*d - 7. Let z be a(-7). Let w be ((-2)/z)/(10/70). Suppose -g + w*g = 83. List the prime factors of g.
83
Let b(l) = -15*l**2 + 6*l + 3. Let k(u) = -28*u**2 + 12*u + 5. Let p(v) = -5*b(v) + 2*k(v). List the prime factors of p(7).
2, 13, 17
Let x(q) = -q + 6. Let d be x(12). Let z(p) = 52*p**2 + 13*p + 48. What are the prime factors of z(d)?
2, 3, 307
Let j be ((-2)/2)/(23/(-828)). Let p be (-4 + 5/2)*j. Let w = -27 - p. What are the prime factors of w?
3
Let n(u) = -15*u**2 + 58*u + 422. Let b(h) = 8*h**2 - 29*h - 211. Let d(g) = -5*b(g) - 3*n(g). List the prime factors of d(-7).
3, 79
Let s(z) = z**3 - 23*z**2 - 4*z - 81. Let i be s(24). Let u = 64 + i. What are the prime factors of u?
463
Suppose 35*i - 8027 = 35198. What are the prime factors of i?
5, 13, 19
Let a = 1003 + -192. List the prime factors of a.
811
Let g = 97223 + -54730. Wh